
48a6 (base 15) to base 8
36140
What is -806 (base 9) in base 6?
-3010
Convert 32258 (base 9) to base 15.
64db
What is 1928 (base 14) in base 16?
11c0
-2d (base 15) to base 8
-53
-11 (base 7) to base 14
-8
What is 2027 (base 14) in base 11?
4171
21034 (base 5) to base 16
572
What is -3594 (base 12) in base 9?
-8224
-120032 (base 4) to base 6
-11102
35243 (base 7) to base 16
2357
Convert -2b1 (base 12) to base 8.
-645
-102002 (base 3) to base 6
-1215
Convert -30302 (base 4) to base 8.
-1462
What is 6e9d (base 15) in base 12?
11764
What is -1122222122 (base 3) in base 4?
-20000123
Convert -5824 (base 12) to base 8.
-23134
Convert -186a (base 14) to base 16.
-1136
141464 (base 8) to base 10
49972
Convert 289 (base 16) to base 11.
540
What is c4c9 (base 15) in base 16?
a275
61 (base 7) to base 4
223
What is 6231 (base 7) in base 14?
b18
Convert 21166 (base 8) to base 4.
2021312
1002551 (base 6) to base 4
23203003
What is 11074 (base 9) in base 15?
22a7
Convert -240403 (base 5) to base 10.
-8853
Convert 148 (base 11) to base 6.
445
What is -436 (base 8) in base 16?
-11e
Convert -21221 (base 4) to base 10.
-617
What is -1220331 (base 5) in base 2?
-101101010110000
What is 7688 (base 9) in base 11?
4294
Convert 110011111111000 (base 2) to base 11.
18aa7
Convert -5858 (base 13) to base 9.
-18018
Convert 53a (base 15) to base 10.
1180
Convert -32302 (base 6) to base 2.
-1000101001110
-1333330 (base 4) to base 10
-8188
Convert -2761 (base 14) to base 3.
-100112020
-201112221 (base 3) to base 9
-21487
-1105 (base 9) to base 13
-4a9
214 (base 13) to base 6
1351
What is c01 (base 13) in base 11?
1585
-11001 (base 2) to base 9
-27
Convert -1222 (base 7) to base 14.
-249
15106 (base 7) to base 13
1b8b
-231 (base 8) to base 15
-a3
What is 1540 (base 6) in base 5?
3140
-2582 (base 15) to base 7
-32213
-26a21 (base 13) to base 4
-101211111
25012 (base 6) to base 9
5038
Convert 1041 (base 7) to base 2.
101110100
Convert 31da (base 15) to base 3.
112110221
210332 (base 7) to base 10
36185
111220 (base 4) to base 13
826
Convert 111110101111 (base 2) to base 14.
166b
Convert 1220233 (base 5) to base 14.
8649
What is 2128 (base 13) in base 7?
16255
-2341 (base 5) to base 7
-1003
-39b8 (base 12) to base 8
-14734
Convert 645 (base 9) to base 3.
201112
What is -52026 (base 7) in base 14?
-48bd
What is 2102220 (base 3) in base 4?
123303
-7674 (base 10) to base 2
-1110111111010
What is -20 (base 13) in base 2?
-11010
What is -30341 (base 5) in base 14?
-a0b
Convert -112421 (base 5) to base 16.
-100f
Convert 244 (base 14) to base 4.
13010
What is -130224 (base 5) in base 2?
-1001111001000
20e (base 16) to base 4
20032
-10021032 (base 4) to base 3
-212021200
Convert 212 (base 16) to base 6.
2242
Convert -42213 (base 10) to base 2.
-1010010011100101
What is -30414 (base 7) in base 4?
-1303302
What is -21101122 (base 4) in base 6?
-451454
Convert -20462 (base 8) to base 5.
-232443
-1201002 (base 3) to base 14
-64c
Convert -1331 (base 6) to base 16.
-157
Convert 1762 (base 9) to base 8.
2510
What is -864 (base 9) in base 11?
-592
What is -846 (base 13) in base 14?
-72a
1303 (base 4) to base 9
137
-62304 (base 9) to base 10
-41071
What is -428 (base 11) in base 6?
-2214
-118745 (base 9) to base 6
-1313322
Convert 221 (base 10) to base 14.
11b
What is -112100 (base 3) in base 10?
-387
Convert 1361 (base 15) to base 14.
171b
3227 (base 12) to base 9
7484
Convert 424b (base 13) to base 10.
9189
What is 110210 (base 3) in base 12?
249
Convert 381 (base 10) to base 13.
234
3641 (base 9) to base 14
db8
What is 21445 (base 7) in base 3?
21101001
What is 282 (base 12) in base 11?
321
114200 (base 5) to base 9
5807
Convert -21095 (base 12) to base 8.
-124461
Convert -501 (base 11) to base 5.
-4411
Convert -3070 (base 11) to base 5.
-112240
What is 444451 (base 6) in base 7?
213553
964 (base 12) to base 9
1784
What is -202201121 (base 3) in base 16?
-3b05
-121200 (base 3) to base 6
-2030
-8288 (base 10) to base 14
-3040
65100 (base 7) to base 16
3f2a
What is -4d5 (base 16) in base 13?
-742
What is 1742 (base 10) in base 7?
5036
320103 (base 4) to base 10
3603
Convert 24350 (base 7) to base 15.
1d3b
-2211012 (base 4) to base 13
-4a6a
What is 10325 (base 7) in base 11?
1a24
-493 (base 15) to base 12
-726
Convert 10021121 (base 3) to base 7.
6655
What is 10a0 (base 12) in base 4?
130320
Convert 3b (base 15) to base 3.
2002
10101100110 (base 2) to base 15
622
Convert 12033 (base 6) to base 16.
6d5
What is -132210 (base 4) in base 12?
-1170
Convert -86a (base 14) to base 4.
-121332
19c4 (base 13) to base 10
3878
Convert a62 (base 16) to base 3.
10122110
-1006 (base 11) to base 3
-1211112
-42107 (base 9) to base 6
-332354
What is -110000101 (base 2) in base 9?
-472
-20340 (base 5) to base 4
-111001
What is -56534 (base 9) in base 13?
-14176
What is 566 (base 11) in base 10?
677
What is 916 (base 14) in base 2?
11011111000
What is -1222 (base 10) in base 15?
-567
Convert 1100001100 (base 2) to base 14.
3da
-221210 (base 3) to base 4
-22320
Convert 5c5 (base 15) to base 7.
3551
Convert -2799 (base 13) to base 14.
-2115
What is 1 (base 3) in base 15?
1
Convert -3012020 (base 4) to base 13.
-5a05
-35200 (base 7) to base 5
-242031
What is 4979 (base 10) in base 15?
171e
Convert -7a1 (base 12) to base 13.
-68b
What is 131 (base 12) in base 11?
155
What is -101000101011 (base 2) in base 6?
-20015
What is 112 (base 12) in base 14?
b4
Convert 110111011001101 (base 2) to base 13.
cbac
Convert -3be5 (base 16) to base 14.
-5833
26ec (base 16) to base 13
46c6
What is 22210201 (base 3) in base 7?
24466
Convert -11304 (base 5) to base 6.
-3501
-313002 (base 4) to base 12
-2056
What is 1010a (base 12) in base 13?
967c
Convert -4398 (base 11) to base 15.
-1ab4
Convert 5206 (base 7) to base 2.
11100011011
Convert -9365 (base 16) to base 12.
-19a05
What is 1772 (base 8) in base 15?
47d
-320e (base 15) to base 7
-42605
What is 516 (base 11) in base 8?
1156
What is -d (base 15) in base 3?
-111
43ca (base 15) to base 4
3200131
What is 406 (base 16) in base 14?
538
What is -883 (base 10) in base 3?
-1012201
What is 932 (base 13) in base 8?
3032
What is -47131 (base 8) in base 2?
-100111001011001
Convert 9222 (base 11) to base 14.
4669
What is -1101010000001 (base 2) in base 16?
-1a81
-5c45 (base 13) to base 4
-3030032
Convert 2132213 (base 5) to base 9.
55130
What is 3030132 (base 4) in base 3?
122221200
807 (base 13) to base 12
953
10082 (base 10) to base 13
4787
-3a6 (base 13) to base 4
-22003
What is -305 (base 13) in base 11?
-426
3687 (base 11) to base 3
20121022
What is -176c (base 16) in base 12?
-3578
Convert 11212011 (base 3) to base 14.
140d
Convert -10a8 (base 15) to base 8.
-6715
What is 2cc (base 14) in base 16?
23c
Convert -3c3b (base 13) to base 7.
-34163
-2c413 (base 13) to base 15
-19e1d
What is 3311 (base 6) in base 10?
763
Convert 10612 (base 10) to base 15.
3227
2224 (base 7) to base 9
1081
Convert -39b3 (base 14) to base 9.
-14831
Convert 160432 (base 7) to base 11.
21685
What is -57d1 (base 15) in base 7?
-105235
What is b0a2 (base 12) in base 15?
5a05
What is -26464 (base 9) in base 16?
-45d6
Convert 100011011 (base 2) to base 6.
1151
-13556 (base 7) to base 8
-7204
1476 (base 8) to base 15
3a5
Convert -1153 (base 12) to base 9.
-2580
Convert 845c (base 13) to base 15.
566e
Convert -29cb (base 16) to base 3.
-112200021
b57 (base 12) to base 8
3163
Convert 359 (base 13) to base 2.
1001000101
What is 52651 (base 7) in base 10?
13021
What is -163 (base 9) in base 13?
-a8
What is -28c (base 13) in base 7?
-1216
What is 32fc (base 16) in base 3?
122220102
Convert 11000000110101 (base 2) to base 7.
50660
Convert 1163 (base 8) to base 4.
21303
Convert -24455 (base 8) to base 15.
-31cb
-23 (base 5) to base 12
-11
What is 26323 (base 7) in base 4?
1231300
What is 11110 (base 6) in base 15?
6d9
Convert -19373 (base 10) to base 7.
-110324
Convert 1116 (base 7) to base 4.
12111
What is -90b (base 15) in base 7?
-5636
-225 (base 12) to base 7
-632
-a1 (base 12) to base 15
-81
53231 (base 6) to base 4
1300303
Convert -242504 (base 7) to base 5.
-2403103
Convert -2032011 (base 4) to base 3.
-110110210
101141 (base 6) to base 16
1f75
-13140 (base 8) to base 5
-140403
What is 3003 (base 7) in base 14?
53